29 = -6*a. Suppose -4*m + 0*m + 4*b + 4 = 0, m - 11 = -4*b. What is the greatest common divisor of a and m?
3
Let d(a) = -34*a**2 + 7*a - 9. Let l be d(1). Suppose -5*r - 35 = 140. Let f = r - l. Calculate the greatest common divisor of 3 and f.
1
Let v = -76 + 82. Let l(s) = 59*s + 441. Let d be l(-6). What is the highest common factor of d and v?
3
Let a be -6 + 0 + (1323/49)/3. Let w be ((-1)/(-2))/(1/34). Let y = w - 8. What is the highest common factor of a and y?
3
Suppose -17*c + 68*c - 1020 = 0. Calculate the highest common factor of c and 1630.
10
Suppose -4*x - 1546 = -3174. Calculate the greatest common factor of 111 and x.
37
Let h(z) = 7*z + 70. Let t be h(27). What is the greatest common factor of 148 and t?
37
Suppose -795*a = -809*a + 18900. Calculate the highest common factor of a and 50.
50
Let m(t) = -4*t - 16. Let n = 82 + -78. Suppose 14 + 5 = -i + n*u, 0 = 4*i + 2*u + 22. Let r be m(i). What is the highest common factor of 12 and r?
12
Suppose 3510 = 39*z + 96*z. What is the highest common divisor of z and 221?
13
Let b = -5268 + 5352. What is the highest common factor of b and 93?
3
Suppose 4*c = 17*d - 14*d + 6609, -c + 1668 = -6*d. What is the highest common factor of c and 900?
150
Let n(j) = 20*j - 236. Let t(o) = -10*o**2 + 123*o - 20. Let f be t(12). Let d be n(f). Calculate the greatest common factor of d and 18.
6
Let b(i) = -i**3 + 52*i**2 - 187*i - 87. Let s be b(48). What is the highest common divisor of 234 and s?
9
Let f be (0 + (-4)/(-8))*-174. Let y = f + 109. Calculate the greatest common factor of y and 55.
11
Let a be (558/(-126))/((-6)/42). What is the highest common factor of a and 6541?
31
Suppose -10*y + 11*y - 6 = 0, -5*z - y = -9811. What is the highest common divisor of z and 37?
37
Suppose 164 = 4*k + 4*u, 2*k - 63 = 2*u - 1. What is the greatest common factor of k and 2010?
6
Suppose c - 76 = 337. Suppose -5*d = 107 + c. Let o = d + 156. Calculate the greatest common divisor of 78 and o.
26
Let i(j) = 185*j**2 + 57*j - 118. Let m be i(2). Calculate the greatest common factor of m and 288.
32
Let f(u) be the third derivative of u**4/24 - 11*u**3/6 - 66*u**2. Let x be f(15). Calculate the greatest common divisor of x and 4.
4
Let x = 1591 + -1002. Calculate the highest common divisor of 217 and x.
31
Let k(x) = -4*x - 13. Let j(a) = -5*a - 12. Let q(g) = -5*j(g) + 6*k(g). Let r be q(-11). Let i = 49 + r. Calculate the greatest common divisor of 10 and i.
10
Let s be 5/(-15)*0/6. Suppose -5*o + 135 + 445 = s. What is the highest common divisor of o and 29?
29
Let d = 10325 - 10235. What is the highest common factor of 650 and d?
10
Let y(v) = -131*v + 870. Let s be y(0). What is the greatest common factor of 250 and s?
10
Let z be 12*((-28)/(-8) - 3). Let p be 2 + 21 + (-6)/z. Suppose 2*c = -4*r + 354, r - 5*c - 87 = -4*c. Calculate the highest common divisor of p and r.
22
Let g = 1159 + -1127. Calculate the greatest common factor of 72 and g.
8
Let t = 7190 + -5960. Calculate the greatest common factor of t and 41.
41
Let f be 504*1*7/14. Let x = -214 + f. Calculate the greatest common factor of x and 171.
19
Let z(a) = -a**3 - 9*a**2 + 11. Let l be z(-9). Suppose -41*g - 2288 = -54*g. Calculate the greatest common factor of l and g.
11
Suppose -168*z - 132818 = -182*z. Suppose -z = -11*x - 3195. Calculate the highest common factor of x and 44.
44
Suppose -8 = -4*h - 4*m, -2*h - 4*m + 3 = -3*h. Let d be -1*((-2)/12 + 1804/(-264)). What is the highest common factor of d and h?
1
Let m(u) = -5*u - 28. Let p be m(-6). Suppose -x - 23 = -p*x. Let i be (x/(-46))/((-1)/20). Calculate the greatest common factor of 10 and i.
10
Let x(o) = -o**2 - 37*o - 22. Suppose -134 = 4*w + 3*t, -4*w - 4*t - 193 = -57. Let q be x(w). What is the highest common divisor of 69 and q?
69
Let n = -4552 + 4612. Calculate the highest common factor of 270 and n.
30
Suppose 0 = -6*j + 9*j - 1701. Let k = -3074 + 3155. What is the highest common factor of k and j?
81
Let p = 20756 + -20716. Let o(u) = 4*u - 4. Let f be o(6). Calculate the highest common divisor of f and p.
20
Let r(k) = k**2 - 8*k + 2. Let v be r(8). Suppose -5*x - 115 = -v*d, -3*d + 4*x + 2 + 174 = 0. Calculate the greatest common divisor of 75 and d.
15
Suppose 0 = 4*h - j - 492, -4*h - h + 615 = 3*j. Suppose 31 = 11*l - h. Calculate the greatest common divisor of 56 and l.
14
Let w be 53703/204 + 2/((-16)/(-6)). What is the highest common divisor of 96 and w?
24
Let n = -281 - -309. Suppose -n*k + 26 = -86. What is the greatest common factor of 8 and k?
4
Let n(r) = 145*r - 910. Let x be n(14). Calculate the highest common divisor of x and 805.
35
Suppose -44*o = -48*o - f + 6332, o - 2*f - 1592 = 0. Calculate the highest common divisor of 144 and o.
144
Suppose -6*v = -10*v + 132. Suppose 0 = -x + 5*c + 8, -c = 4*x - 0 - 11. Suppose 0 = -n + x - 0. Calculate the greatest common divisor of n and v.
3
Suppose 54 = -4*r - 2. Let q be 7/(r/(-204)) + -3. Let a = q - 44. What is the greatest common factor of 11 and a?
11
Let l = 3489 + -2133. Calculate the highest common divisor of l and 36.
12
Suppose 8*j - 4090 = 4*j - 2*z, -2*j - 4*z = -2036. What is the greatest common divisor of 160 and j?
32
Let l(h) = -6*h**2 + 38*h - 9. Let m be l(6). Let f be (-370)/(-111) + (-4)/m. Calculate the greatest common divisor of f and 50.
2
Let q = -126 + 836. Suppose 18*c = q + 10. What is the highest common factor of 140 and c?
20
Suppose 2*b + 3*b = 1920. Suppose 144 = 44*p - 32*p. What is the highest common divisor of b and p?
12
Suppose 0 = 5*n + 2*s - 37903 + 9335, 5*n - 5*s = 28540. Calculate the highest common factor of n and 560.
112
Suppose -309 = -4*d + 10*d - 2745. What is the highest common divisor of d and 28?
14
Suppose -3*h + 5*h = 4*y - 236, 5*y - 339 = 8*h. Let l(j) = 5*j + 2*j - j - 1. Let a be l(1). Calculate the highest common factor of y and a.
5
Let s(l) = l**2 + 51*l + 410. Let o be s(-10). Suppose o = -15*f - 5*f + 12480. What is the greatest common divisor of f and 12?
12
Let x be 1*(-9)/(-3) + (0 - 1). Suppose -4*j = -4*f + 28, -x*f + j + 24 = -3*j. Suppose 9*p - f - 178 = 0. What is the greatest common factor of p and 30?
10
Let a(z) = 3*z**2 - 13*z - 9. Let n be a(-9). Let y(j) = 3*j**2 + 13*j - 49. Let k be y(-8). Calculate the highest common divisor of n and k.
39
Suppose 0 = -160*s + 26057 - 457. What is the greatest common factor of 31840 and s?
160
Let v be 4/6 - ((-3128762)/21)/26. Calculate the greatest common divisor of 11 and v.
11
Let j be (-3)/(-2*(-2)/(-828)). Let u(l) = 69*l**3 - 6*l**2 + 178*l - 172. Let a be u(1). Calculate the greatest common factor of a and j.
69
Let v(b) = 257*b + 1894. Let p be v(-7). What is the highest common divisor of 1482 and p?
19
Let h = -20638 - -21199. What is the greatest common divisor of 3621 and h?
51
Let h(n) = n**2 + 2*n - 5. Let u(b) = -b + 1. Let k(p) = h(p) + u(p). Let m be k(5). Let f = m - 6. What is the greatest common factor of 100 and f?
20
Let w(m) = -m**3 - 8*m**2 + 9*m. Let j be w(-7). Let l be (12/(-7))/(24/j). Calculate the greatest common factor of l and 40.
8
Suppose -205*r + 204*r = -114. Suppose w - 167 = -o - 0*o, -2*w = 5*o - 847. Calculate the highest common divisor of o and r.
57
Suppose -123*y + 121*y + 380 = 4*f, 0 = -2*f + 2*y + 172. Calculate the greatest common factor of f and 1518.
46
Let k be (-58 + -5)/(-7) + 2366. What is the greatest common divisor of k and 38?
19
Suppose -2*b = -2*n - b - 19, -b + 26 = -3*n. Let p be 360 + n - 2/2. Let w = -11121 - -11153. What is the greatest common divisor of p and w?
32
Let c be (155/(-186))/((-2)/252). What is the greatest common divisor of 1890 and c?
105
Let g = -28 + 56. Suppose 1364*l = 1233*l + 8253. What is the greatest common divisor of l and g?
7
Let x be (29/((-4292)/851))/((-1)/36). Calculate the highest common divisor of x and 1150.
23
Suppose -2*t = -z - 7, 0 = -2*t - 4*z - 0 + 12. Let p be 23/t - 3/(-12). What is the greatest common factor of p and 186?
6
Let j(o) = 6*o**2 - 4*o**2 + 3*o**2 + 20*o**3 - 22 - 3*o**2 + 11*o - 7*o**2. Let k be j(3). What is the highest common factor of k and 92?
46
Suppose x = 5*n + 55, 2*x + 3*n - 146 = n. Suppose -392 = -9*a + 2*a. What is the highest common factor of x and a?
1